) + 0 + -4?
-5
Evaluate (3 - 2) + (1 - 2) + 3.
3
Calculate 1 - 10 - (-5 - 5 - -7).
-6
What is the value of 3 + 0 + -7 + (2 - 6)?
-8
1 + -2 + 4 + -2 + -4
-3
Evaluate (-5 - -8) + (0 - 4).
-1
What is -12 + 7 + 15 - 12?
-2
Evaluate 7 + (-3 - (-4 - -1)) - 3.
4
What is -6 + 7 + 3 + -5 + 0?
-1
0 + -5 + (-3 - -6 - 3)
-5
Calculate 11 + -4 + 3 + -6 + 2.
6
Calculate 4 - (7 + (-9 - -4)).
2
What is 3 - (-1 - (-1 + 1 - 1))?
3
Evaluate (-1 - 3) + (-7 - -12).
1
10 + -7 + 4 + -3
4
11 + -22 + -2 + 7
-6
Evaluate 0 + -11 - (4 + 5 + -16).
-4
Calculate 33 + -20 + (-1 - 8).
4
What is 3 - (7 + -3 + 0) - 2?
-3
What is the value of -4 + (-13 - -8) + 9?
0
0 - (1 - 1) - -1
1
Calculate -1 - (-10 - -10) - (-1 - 0).
0
What is the value of 23 + -28 + (0 - 4)?
-9
Calculate (2 - -1) + -25 + 25.
3
Evaluate 2 + (1 - 2) - (22 - 26).
5
What is -7 - (-13 + 11 + -9)?
4
Evaluate 3 + 1 + (-6 - (-15 - -9)).
4
Evaluate -1 + 1 + 0 + -1 - 3.
-4
Calculate -3 - ((-4 - -6) + -2).
-3
(8 + -5 - 3) + 4
4
What is 5 + 8 + -21 - -2?
-6
What is the value of (1 - 0) + (-43 - -33)?
-9
Calculate 0 - ((-1 - -2) + 18 + -22).
3
Calculate -1 + (-3 - (-5 - -3)) + -2.
-4
Evaluate -2 + -5 + (1 - (-1 + -5)).
0
Evaluate 1 + (0 - 4 - -2).
-1
Calculate -1 + 1 + (-4 - -1) + 3.
0
Calculate -2 + 3 + (-7 - -2).
-4
What is the value of -6 - 0 - -10 - (-7 + 8)?
3
What is the value of 0 - (-4 + (4 - 3))?
3
What is the value of (4 - (4 + 4)) + 7?
3
What is the value of 1 + (-2 - (0 - 4))?
3
-1 - (-5 - -6) - -4
2
Evaluate (-1 - -4) + (-1 - 1).
1
What is -3 - -5 - (-6 - (-3 + 0))?
5
(-5 - -10) + -5 + 6 + 0
6
What is the value of -5 + (-11 - -25) - 15?
-6
Evaluate 4 + -10 + -5 - (-2 - 2).
-7
What is the value of -1 + 3 + (-1 - -3)?
4
3 + -9 - -9 - 2
1
What is -5 - (6 - 4 - 7) - 10?
-10
What is -1 - (18 - 9) - -2?
-8
Evaluate -1 - -2 - (1 + 3) - 2.
-5
What is the value of -8 + 4 + 1 + (-11 - -6)?
-8
What is (0 + 1 + -2 - 1) + 2?
0
What is 6 + 0 + (1 - 3) + 0?
4
What is the value of (7 + 5 - 6) + (-1 - 7)?
-2
What is the value of 0 + -3 + 8 - 3?
2
Evaluate 0 + -2 - (-12 + 0).
10
Calculate 0 + 4 + 0 + 1.
5
(27 - 30) + 0 + 13 + -2
8
-5 - ((-7 - 3) + 4)
1
What is the value of (-1 + 5 - (10 - 10)) + 1?
5
What is 7 + (-4 - ((0 - -2) + -3))?
4
What is the value of -2 - (6 - 2 - 2 - -1)?
-5
-1 + -1 - 1 - (0 - 5)
2
Evaluate (9 - -4 - 6) + -3.
4
What is the value of 0 - (8 + 7 + -16)?
1
(8 - 15) + 4 + 8
5
Calculate 3 - (-3 + 9) - -9.
6
What is the value of (10 - -1) + (-70 - -61)?
2
What is the value of 5 + 12 + -24 - -13?
6
What is the value of -9 + -9 + 19 + -6?
-5
What is the value of (-6 - (-23 - (-8 + 9))) + -8?
10
0 + (2 - 2 - -2) + -3
-1
What is the value of -9 - (-2 - 6) - (-4 - -1)?
2
Calculate 3 - (0 - 2) - (14 - 6).
-3
0 - (1 - (9 + 5 + -9))
4
(-4 - 6) + 1 + 4 - -12
7
What is the value of 22 + -42 + 11 + 1 + -1?
-9
What is 1 + (-1 - (-1 - 2))?
3
What is (-10 - (-2 - 0)) + 2 + 2?
-4
Evaluate -4 + 8 - (-1 + -1 - -1).
5
Evaluate -4 + (2 + -1 + 1 - 3).
-5
Evaluate -3 - -7 - (-1 - 3).
8
What is the value of 5 + -14 + (-6 - -8)?
-7
Calculate 0 + 1 + (-9 - -1) + -1.
-8
Evaluate 4 - (-3 + -3 + 7).
3
Calculate -23 + (-2 - -12) + 21.
8
Evaluate -4 - (5 + -4 + -1).
-4
Calculate 4 + -7 + 2 + -3 + 1.
-3
What is (2 - 8) + -3 + 4 + 4?
-1
What is the value of (3 - (4 - 1)) + -7 + 3?
-4
-2 + (2 + 1 - -4)
5
Evaluate 12 - (-3 + 8 + 0).
7
Calculate 1 - (-3 - (-10 + (-1 - -2))).
-5
(0 - (1 - -1)) + 5 + -8
-5
61 + -68 + -2 + 1 + 0
-8
(-4 - -11) + (-5 - 1)
1
Evaluate -3 - (-7 + 9 + -1 + -3).
-1
Calculate 18 - 0 - 2 - (61 + -54).
9
Evaluate -6 + 0 + (9 - -1).
4
Calculate 1 + -3 + (1 - 5) + 3.
-3
(-3 + 0 - 9) + (-17 - -24)
-5
What is -3 + 6 + (-7 - -5) + -2?
-1
What is 8 + (1 - 3 - -4) + -5?
5
Calculate (3 - (-1 - (4 + -6))) + 4.
6
What is the value of 14 - 9 - (6 + -7)?
6
Evaluate -2 + (2 - 5) + -1.
-6
Calculate (-4 - -5) + (2 - (3 - 2)).
2
What is the value of (-1 + 5 - 8) + 11?
7
What is the value of -4 + -5 + 9 + 4 + 1?
5
1 + 2 - ((1 - 3) + 2)
3
What is the value of 4 + (-4 - (14 + -8))?
-6
(-1 - 0) + -14 + 10
-5
What is 1 - ((1 - 3 - 1) + 6)?
-2
Evaluate (7 - 6 - 1) + (-7 - -3).
-4
Calculate (-21 + (5 - 0) - -2) + 6.
-8
Calculate 24 + -27 - (-7 - -1).
3
What is -1 + -5 - (6 - 6)?
-6
Evaluate -4 - ((3 - 2) + -5 - 0).
0
Calculate 33 - 36 - (0 + 2).
-5
Calculate -1 + 1 + 2 + 1 - 4.
-1
What is the value of -121 + 118 - (0 - 11)?
8
Calculate -1 - (-1 + 3) - 2.
-5
What is -1 + -3 - (32 + -37)?
1
Calculate 1 - ((-6 - -2) + 2).
3
Calculate -7 - (-1 - 9 - (18 - 22)).
-1
Evaluate 1 + 2 + -2 + (-7 - -1).
-5
What is the value of -6 + 11 - (-2 - -7)?
0
Evaluate 27 + -28 + (0 - 1 - -2).
0
6 - (5 - (-6 + 8 + 3))
6
Evaluate (-7 - (-8 + 1)) + -6.
-6
Calculate -2 - (5 + -2 - 2).
-3
4 + (-6 - -4) - 5
-3
Calculate -1 + -8 + -157 + 159.
-7
-3 + (2 - 0) + -53 + 56
2
Calculate (1 + 3 - 10) + 2.
-4
Evaluate 0 + (6 + -2 + -1 - -1).
4
0 + (-12 - -5) - -8
1
What is (137 - 125) + -4 + (-2 - 0)?
6
What is -3 + (8 - 0) - 6?
-1
-7 - (6 + -15) - 0
2
Calculate 3 + 2 + (-10 - (-5 + 0)).
0
What is 2 - (0 + -1) - (-5 - -7)?
1
What is the value of (4 + -6 - 7) + 9?
0
What is the value of (19 - 8) + -9 - 8?
-6
-1 - (14 - 17 - (0 + -1))
1
(-5 - -9 - 9) + 2
-3
What is (2 - 4 - (10 + -8)) + 1?
-3
What is the value of (14 - 6) + -1 - 2?
5
Evaluate 9 + -15 + 3 + (1 - 6).
-8
What is the value of (-9 - -11) + -6 + 10?
6
Calculate (10 + 3 - 17) + (5 - 0).
1
What is the value of 1 - (-1 - -2) - (-1 - 3)?
4
What is 2 + -2 + 4 + (5 - 7)?
2
Calculate 1 + 3 + (-2 - (1 + 0)).
1
What is -4 + 0 + (2 - (4 + -3))?
-3
What is (0 - -9) + (31 - 37) + 0?
3
Evaluate 3 + 0 + 0 - (-2 - -2).
3
Evaluate 1 + -9 - (-13 - (-27 - -15)).
-7
-47 + 40 + 13 + -1
5
What is the value of -2 + 4 + 1 + -5 + 1?
-1
Evaluate 3 + 0 + (-18 + 9 - -10).
4
What is -2 + (-5 - -3) + (-2 - -8)?
2
Evaluate 0 - (-5 - (4 + -7)).
2
Calculate 3 + (-19 - -13) + 5.
2
What is (-8 - 3) + 5 - (-1 + 0)?
-5
Calculate (-6 - (-1 + -1)) + 1.
-3
-10 - -10 - 2 - (-7 - 0)
5
Calculate (-2 - 3) + 2 + 2 + -2.
-3
-2 + -3 + -9 + 17
3
What is the value of (1 - (4 - 1)) + 112 + -104?
6
What is the value of -5 - (-7 - (-1 - -8)) - 4?
5
Calculate (-3 + 1 - 1) + 1 - 3.
-5
Evaluate -3 + -5 + 9 - 0.
1
What is -1 + (3 - 0) - (-10 + 17)?
-5
-9 + 5 + 4 + 1 + -6
-5
What is the value of -1 + 4 + -6 + -2?
-5
Evaluate 23 - 21 - (1 - -5).
-4
What is 4 - 5 - (-1 + -1)?
1
Evaluate -5 + (-2 + 2 - 2).
-7
Evaluate 6 + -1 + (-24 - -17) + -4.
-6
Calculate (-4 - -5 - 5 - -5) + 0.
1
What is the value of (-31 - -22) + (2 - -5)?
-2
What is the value of (1 - -1) + -1 + -1?
0
What is 14 + (-14 - (0 - 5) - -3)?
8
What is (10 - 3) + (-10 - 1 - 2)?
-6
What is 9 + (-11 - -13) - 3?
8
What is the value of (6 - (6 + -6 + 2)) + -1?
3
What is 4 + 1 - (-15 - -19)?
1
Calculate -20 - -11 - -2 - -11.
4
Calculate (-14 - (4 + -13)) + (0 - 0).
-5
Calculate 1 + (-3 - 2) - 0 - -3.
-1
What is (16 - (9 - -5)) + -6?
-4
Evaluate (-7 - (-9 - 5)) + 1.
8
What is the value of -7 - (3 + 4 + -11)?
-3
What is -11 - -5 - (-13 + 0)?
7
-1 - (-5 + 7 - (2 + 1))
0
-4 + 10 - (2 + 2 + -1)
3
Evaluate -4 + (-6 - 0) + 8.
-2
What is the value of (4 - 4) + 1 + -11 + 4?
-6
Calculate (2 + -1 - (-14 - -15)) + 2.
2
What is (-8 + 10 - (1 - -2)) + 2?
1
Calculate 6 - (-4 - (5 + -7 - 8)).
0
Calculate 0 + -4 - (-2 + 2).
-4
What is 0 + -1 - (35 + -36)?
0
Evaluate (1 - -8) + (-15 - -10).
4
What is the value of (18 + -9 - 22) + 5?
-8
Evaluate 1 + -6 + 1 + -9 - -7.
-6
Calculate -5 + 3 + -2 + 3.
-1
What is the value of 0 - (-2 + 7 - 10)?
5
Calculate (-61 - -70) + 2 + -5.
6
What is (3 + -1 - (20 + -11)) + 4?
-3
What is -7 + -6 + 16 + 1?
4
Calculate 20 - 27 - (1 - (1 - -3)).
-4
Evaluate -3 + 1 + (-21 - -19).
-4
Evaluate 7 + -12 - (-14 + (3 - -4)).
2
Calculate 4 + (2 - (4 + (-1 - 1))).
4
What is the value of 15 - 15 - (6 + -5)?
-1
What is 4 - (1 + 7 - 2 - 10)?
8
What is (3 - 5) + 1 + -4 + 1?
-4
What is the value of (-2 - (6 + -3)) + 5?
0
What is the value of (5 - (1 + -5 - -10)) + -2?
-3
(0 + -2 - -4) + 1 + 1
4
15 + -1 + (-2 - 4)
8
Calculate -4 + (1 - 0) + 5.
2
What is (-1 - -5 - 4) + -1 + 3?
2
0 - (2 - (-4 + 4 - 0))
-2
Calculate 2 + 7 + 2 + -10.
1
Evaluate -1 - 7 - (73 + -88).
7
Evaluate -4 + (5 - (-6 - -17)) + 6.
-4
What is (7 + -2 - (1 - -12)) + 5?
-3
(9 - 17) + 11 + 0
3
What is the value of -2 - (3 + -5 + 2)?
-2
Evaluate 3 - 8 -